{"id":10,"date":"2025-08-08T20:20:19","date_gmt":"2025-08-08T20:20:19","guid":{"rendered":"http:\/\/ukawvec.cluster100.hosting.ovh.net\/?page_id=10"},"modified":"2025-11-07T15:28:43","modified_gmt":"2025-11-07T15:28:43","slug":"liste-de-recettes","status":"publish","type":"page","link":"https:\/\/smachnoho.fr\/index.php\/liste-de-recettes\/","title":{"rendered":"Liste de recettes"},"content":{"rendered":"\n<section style=\"max-width: 900px; margin: 40px auto; font-family: Arial, sans-serif; line-height: 1.6; color: #333;\">\n\n \n<\/section>\n\n<!-- ====== SECTION CARTES RECETTES (11) ====== -->\n<div style=\"display:flex; flex-wrap:wrap; gap:30px; justify-content:center;\">\n\n  <!-- Carte 1 : Bortsch -->\n  <div style=\"max-width:300px; margin-bottom:30px; text-align:center;\">\n    <img data-recalc-dims=\"1\" decoding=\"async\" src=\"https:\/\/i0.wp.com\/smachnoho.fr\/wp-content\/uploads\/2025\/08\/IMG_0531-2-scaled.jpg?w=620&#038;ssl=1\" alt=\"Bortsch traditionnel aux travers de porc\" style=\"width:100%; border-radius:10px; box-shadow:0 3px 10px rgba(0,0,0,0.15);\">\n    <h3 style=\"margin:15px 0 10px; font-size:1.4rem;\">Bortsch traditionnel aux travers de porc<\/h3>\n    <a href=\"https:\/\/smachnoho.fr\/index.php\/258-2\/\" style=\"display:inline-block; padding:10px 20px; background:#e63946; color:#fff; text-decoration:none; border-radius:6px; font-weight:bold;\">Voir la recette<\/a>\n  <\/div>\n\n  <!-- Carte 2 : Poivrons farcis -->\n  <div style=\"max-width:300px; margin-bottom:30px; text-align:center;\">\n    <img data-recalc-dims=\"1\" decoding=\"async\" src=\"https:\/\/i0.wp.com\/smachnoho.fr\/wp-content\/uploads\/2025\/08\/IMG_8181-scaled.jpg?w=620&#038;ssl=1\" alt=\"Poivrons farcis \u2013 recette traditionnelle ukrainienne\" style=\"width:100%; border-radius:10px; box-shadow:0 3px 10px rgba(0,0,0,0.15);\">\n    <h3 style=\"margin:15px 0 10px; font-size:1.4rem;\">Poivrons farcis<\/h3>\n    <a href=\"https:\/\/smachnoho.fr\/index.php\/poivrons-farcis\/\" style=\"display:inline-block; padding:10px 20px; background:#e63946; color:#fff; border-radius:6px; font-weight:bold;\">Voir la recette<\/a>\n  <\/div>\n\n  <!-- Carte 3 : Varenyky -->\n  <div style=\"max-width:300px; margin-bottom:30px; text-align:center;\">\n    <img data-recalc-dims=\"1\" decoding=\"async\" src=\"https:\/\/i0.wp.com\/smachnoho.fr\/wp-content\/uploads\/2025\/08\/IMG_7500-scaled.jpg?w=620&#038;ssl=1\" alt=\"Varenyky \u00e0 la pur\u00e9e de pommes de terre\" style=\"width:100%; border-radius:10px; box-shadow:0 3px 10px rgba(0,0,0,0.15);\">\n    <h3 style=\"margin:15px 0 10px; font-size:1.4rem;\">Varenyky \u00e0 la pur\u00e9e de pommes de terre<\/h3>\n    <a href=\"https:\/\/smachnoho.fr\/index.php\/varenyky-a-la-puree-de-pommes-de-terre\/\" style=\"display:inline-block; padding:10px 20px; background:#e63946; color:#fff; border-radius:6px; font-weight:bold;\">Voir la recette<\/a>\n  <\/div>\n\n  <!-- Carte 4 : Courgettes frites -->\n  <div style=\"max-width:300px; margin-bottom:30px; text-align:center;\">\n    <img data-recalc-dims=\"1\" decoding=\"async\" src=\"https:\/\/i0.wp.com\/smachnoho.fr\/wp-content\/uploads\/2025\/08\/IMG_8198-1-scaled.jpg?w=620&#038;ssl=1\" alt=\"Courgettes frites \u00e0 la mayonnaise sous fromage \u2013 recette v\u00e9g\u00e9tarienne\" style=\"width:100%; border-radius:10px; box-shadow:0 3px 10px rgba(0,0,0,0.15);\">\n    <h3 style=\"margin:15px 0 10px; font-size:1.4rem;\">Courgettes frites \u00e0 la mayonnaise sous fromage<\/h3>\n    <a href=\"https:\/\/smachnoho.fr\/index.php\/courgettes-frites-a-la-mayonnaise-sous-fromage-recette-vegetarienne\/\" style=\"display:inline-block; padding:10px 20px; background:#e63946; color:#fff; border-radius:6px; font-weight:bold;\">Voir la recette<\/a>\n  <\/div>\n\n  <!-- Carte 5 : Petits doigts -->\n  <div style=\"max-width:300px; margin-bottom:30px; text-align:center;\">\n    <img data-recalc-dims=\"1\" decoding=\"async\" src=\"https:\/\/i0.wp.com\/smachnoho.fr\/wp-content\/uploads\/2025\/09\/IMG_8137-scaled.jpg?w=620&#038;ssl=1\" alt=\"Petits doigts (Paluchky) \u2013 recette ukrainienne 100% v\u00e9gan\" style=\"width:100%; border-radius:10px; box-shadow:0 3px 10px rgba(0,0,0,0.15);\">\n    <h3 style=\"margin:15px 0 10px; font-size:1.4rem;\">Petits doigts (Paluchky) \u2013 100 % v\u00e9gan<\/h3>\n    <a href=\"https:\/\/smachnoho.fr\/index.php\/petits-doigts-paluchky\/\" style=\"display:inline-block; padding:10px 20px; background:#e63946; color:#fff; border-radius:6px; font-weight:bold;\">Voir la recette<\/a>\n  <\/div>\n\n  <!-- Carte 6 : Julienne -->\n  <div style=\"max-width:300px; margin-bottom:30px; text-align:center;\">\n    <img data-recalc-dims=\"1\" decoding=\"async\" src=\"https:\/\/i0.wp.com\/smachnoho.fr\/wp-content\/uploads\/2025\/09\/IMG_8299-scaled.jpg?w=620&#038;ssl=1\" alt=\"Julienne au poulet et aux champignons \u2013 recette festive\" style=\"width:100%; border-radius:10px; box-shadow:0 3px 10px rgba(0,0,0,0.15);\">\n    <h3 style=\"margin:15px 0 10px; font-size:1.4rem;\">Julienne au poulet et aux champignons<\/h3>\n    <a href=\"https:\/\/smachnoho.fr\/index.php\/julienne-au-poulet-et-aux-champignons\/\" style=\"display:inline-block; padding:10px 20px; background:#e63946; color:#fff; border-radius:6px; font-weight:bold;\">Voir la recette<\/a>\n  <\/div>\n\n  <!-- Carte 7 : Cr\u00eapes maison \u00e0 la viande -->\n  <div style=\"max-width:300px; margin-bottom:30px; text-align:center;\">\n    <img data-recalc-dims=\"1\" decoding=\"async\" src=\"https:\/\/i0.wp.com\/smachnoho.fr\/wp-content\/uploads\/2025\/09\/IMG_8144-scaled.jpg?w=620&#038;ssl=1\" alt=\"Cr\u00eapes maison \u00e0 la viande \u2013 recette ukrainienne\" style=\"width:100%; border-radius:10px; box-shadow:0 3px 10px rgba(0,0,0,0.15);\">\n    <h3 style=\"margin:15px 0 10px; font-size:1.4rem;\">Cr\u00eapes maison \u00e0 la viande<\/h3>\n    <a href=\"https:\/\/smachnoho.fr\/index.php\/crepes-maison-a-la-viande\/\" style=\"display:inline-block; padding:10px 20px; background:#e63946; color:#fff; border-radius:6px; font-weight:bold;\">Voir la recette<\/a>\n  <\/div>\n\n  <!-- Carte 8 : Pommes de terre farcies -->\n  <div style=\"max-width:300px; margin-bottom:30px; text-align:center;\">\n    <img data-recalc-dims=\"1\" decoding=\"async\" src=\"https:\/\/i0.wp.com\/smachnoho.fr\/wp-content\/uploads\/2025\/09\/IMG_8216-scaled.jpg?w=620&#038;ssl=1\" alt=\"Pommes de terre farcies \u2013 recette familiale ukrainienne\" style=\"width:100%; border-radius:10px; box-shadow:0 3px 10px rgba(0,0,0,0.15);\">\n    <h3 style=\"margin:15px 0 10px; font-size:1.4rem;\">Pommes de terre farcies<\/h3>\n    <a href=\"https:\/\/smachnoho.fr\/index.php\/pommes-de-terre-farcies\/\" style=\"display:inline-block; padding:10px 20px; background:#e63946; color:#fff; border-radius:6px; font-weight:bold;\">Voir la recette<\/a>\n  <\/div>\n\n  <!-- Carte 9 : S\u00e9baste sous les l\u00e9gumes -->\n  <div style=\"max-width:300px; margin-bottom:30px; text-align:center;\">\n    <img data-recalc-dims=\"1\" decoding=\"async\" src=\"https:\/\/i0.wp.com\/smachnoho.fr\/wp-content\/uploads\/2025\/10\/IMG_8492-scaled.jpg?w=620&#038;ssl=1\" alt=\"S\u00e9baste sous les l\u00e9gumes \u2013 recette familiale ukrainienne\" style=\"width:100%; border-radius:10px; box-shadow:0 3px 10px rgba(0,0,0,0.15);\">\n    <h3 style=\"margin:15px 0 10px; font-size:1.4rem;\">S\u00e9baste sous les l\u00e9gumes<\/h3>\n    <a href=\"https:\/\/smachnoho.fr\/index.php\/sebaste-sous-les-legumes\/\" style=\"display:inline-block; padding:10px 20px; background:#e63946; color:#fff; border-radius:6px; font-weight:bold;\">Voir la recette<\/a>\n  <\/div>\n\n  <!-- Carte 10 : Nuggets de courgette -->\n  <div style=\"max-width:300px; margin-bottom:30px; text-align:center;\">\n    <img data-recalc-dims=\"1\" decoding=\"async\" src=\"https:\/\/i0.wp.com\/smachnoho.fr\/wp-content\/uploads\/2025\/10\/IMG_8333-scaled.jpg?w=620&#038;ssl=1\" alt=\"Nuggets de courgette \u00e0 l\u2019ukrainienne \u2013 recette l\u00e9g\u00e8re et croustillante\" style=\"width:100%; border-radius:10px; box-shadow:0 3px 10px rgba(0,0,0,0.15);\">\n    <h3 style=\"margin:15px 0 10px; font-size:1.4rem;\">Nuggets de courgette \u00e0 l\u2019ukrainienne<\/h3>\n    <a href=\"https:\/\/smachnoho.fr\/index.php\/nuggets-de-courgette-a-lukrainienne\/\" style=\"display:inline-block; padding:10px 20px; background:#e63946; color:#fff; border-radius:6px; font-weight:bold;\">Voir la recette<\/a>\n  <\/div>\n\n  <!-- Carte 11 : Champignons farcis -->\n  <div style=\"max-width:300px; margin-bottom:30px; text-align:center;\">\n    <img data-recalc-dims=\"1\" decoding=\"async\" src=\"https:\/\/i0.wp.com\/smachnoho.fr\/wp-content\/uploads\/2025\/10\/IMG_8394-scaled.jpg?w=620&#038;ssl=1\" alt=\"Champignons farcis \u00e0 la viande \u2013 recette ukrainienne\" style=\"width:100%; border-radius:10px; box-shadow:0 3px 10px rgba(0,0,0,0.15);\">\n    <h3 style=\"margin:15px 0 10px; font-size:1.4rem;\">Champignons farcis \u00e0 la viande<\/h3>\n    <a href=\"https:\/\/smachnoho.fr\/index.php\/champignons-farcis-a-la-viande\/\" style=\"display:inline-block; padding:10px 20px; background:#e63946; color:#fff; border-radius:6px; font-weight:bold;\">Voir la recette<\/a>\n  <\/div>\n\n<!-- Carte 12 : Banosh -->\n  <div style=\"max-width:300px; margin-bottom:30px; text-align:center;\">\n    <img data-recalc-dims=\"1\" decoding=\"async\" src=\"https:\/\/i0.wp.com\/smachnoho.fr\/wp-content\/uploads\/2025\/11\/IMG_8400-scaled.jpg?w=620&#038;ssl=1\" alt=\"Banosh\" style=\"width:100%; border-radius:10px; box-shadow:0 3px 10px rgba(0,0,0,0.15);\">\n    <h3 style=\"margin:15px 0 10px; font-size:1.4rem;\">Banosh \u2013 recette traditionnelle des Carpates<\/h3>\n    <a href=\"https:\/\/smachnoho.fr\/index.php\/banosh\/\" style=\"display:inline-block; padding:10px 20px; background:#e63946; color:#fff; border-radius:6px; font-weight:bold;\">Voir la recette<\/a>\n  <\/div>\n\n<\/div>\n\n\n\n<p><\/p>\n","protected":false},"excerpt":{"rendered":"<p>Bortsch traditionnel aux travers de porc Voir la recette Poivrons farcis Voir la recette Varenyky \u00e0 la pur\u00e9e de pommes de terre Voir la recette Courgettes frites \u00e0 la mayonnaise sous fromage Voir la recette Petits doigts (Paluchky) \u2013 100 % v\u00e9gan Voir la recette Julienne au poulet et aux champignons Voir la recette Cr\u00eapes [&hellip;]<\/p>\n","protected":false},"author":1,"featured_media":0,"parent":0,"menu_order":0,"comment_status":"closed","ping_status":"closed","template":"","meta":{"footnotes":""},"class_list":["post-10","page","type-page","status-publish","hentry"],"jetpack_sharing_enabled":true,"_links":{"self":[{"href":"https:\/\/smachnoho.fr\/index.php\/wp-json\/wp\/v2\/pages\/10","targetHints":{"allow":["GET"]}}],"collection":[{"href":"https:\/\/smachnoho.fr\/index.php\/wp-json\/wp\/v2\/pages"}],"about":[{"href":"https:\/\/smachnoho.fr\/index.php\/wp-json\/wp\/v2\/types\/page"}],"author":[{"embeddable":true,"href":"https:\/\/smachnoho.fr\/index.php\/wp-json\/wp\/v2\/users\/1"}],"replies":[{"embeddable":true,"href":"https:\/\/smachnoho.fr\/index.php\/wp-json\/wp\/v2\/comments?post=10"}],"version-history":[{"count":27,"href":"https:\/\/smachnoho.fr\/index.php\/wp-json\/wp\/v2\/pages\/10\/revisions"}],"predecessor-version":[{"id":473,"href":"https:\/\/smachnoho.fr\/index.php\/wp-json\/wp\/v2\/pages\/10\/revisions\/473"}],"wp:attachment":[{"href":"https:\/\/smachnoho.fr\/index.php\/wp-json\/wp\/v2\/media?parent=10"}],"curies":[{"name":"wp","href":"https:\/\/api.w.org\/{rel}","templated":true}]}}