{"id":206,"date":"2025-08-09T21:51:22","date_gmt":"2025-08-09T21:51:22","guid":{"rendered":"http:\/\/smachnoho.fr\/?post_type=product&#038;p=206"},"modified":"2025-08-21T21:29:47","modified_gmt":"2025-08-21T21:29:47","slug":"les-recettes-de-baba-12-plats-ukrainiens-de-ma-grand-mere","status":"publish","type":"product","link":"https:\/\/smachnoho.fr\/index.php\/produit\/les-recettes-de-baba-12-plats-ukrainiens-de-ma-grand-mere\/","title":{"rendered":"Les recettes de Baba: 12 plats ukrainiens de ma grand-m\u00e8re"},"content":{"rendered":"<p data-start=\"608\" data-end=\"854\">D\u00e9couvrez un voyage culinaire unique avec mon <strong data-start=\"681\" data-end=\"736\">livre num\u00e9rique de recettes familiales ukrainiennes<\/strong>.<br data-start=\"737\" data-end=\"740\" \/>Chaque plat a \u00e9t\u00e9 pr\u00e9par\u00e9, test\u00e9 et photographi\u00e9 avec soin, pour vous offrir un guide chaleureux et authentique.<\/p>\n<p data-start=\"856\" data-end=\"901\"><strong data-start=\"858\" data-end=\"899\">Ce que vous trouverez dans ce livre :<\/strong><\/p>\n<ul data-start=\"902\" data-end=\"1164\">\n<li data-start=\"902\" data-end=\"968\">\n<p data-start=\"904\" data-end=\"968\">12 recettes traditionnelles ukrainiennes, expliqu\u00e9es pas \u00e0 pas<\/p>\n<\/li>\n<li data-start=\"969\" data-end=\"1015\">\n<p data-start=\"971\" data-end=\"1015\">Des photos en pleine page pour chaque plat<\/p>\n<\/li>\n<li data-start=\"1016\" data-end=\"1059\">\n<p data-start=\"1018\" data-end=\"1059\">Des astuces pour r\u00e9ussir chaque recette<\/p>\n<\/li>\n<li data-start=\"1060\" data-end=\"1122\">\n<p data-start=\"1062\" data-end=\"1122\">Les quantit\u00e9s calcul\u00e9es pour un nombre pr\u00e9cis de personnes<\/p>\n<\/li>\n<li data-start=\"1123\" data-end=\"1164\">\n<p data-start=\"1125\" data-end=\"1164\">Conseils de conservation et variantes<\/p>\n<\/li>\n<\/ul>\n<p data-start=\"1166\" data-end=\"1368\"><strong data-start=\"1169\" data-end=\"1181\">Format :<\/strong> PDF haute qualit\u00e9 \u2013 parfait pour lecture sur tablette, ordinateur ou impression \u00e0 la maison.<br data-start=\"1274\" data-end=\"1277\" \/><strong data-start=\"1279\" data-end=\"1298\">Disponibilit\u00e9 :<\/strong> T\u00e9l\u00e9chargement imm\u00e9diat apr\u00e8s paiement.<br data-start=\"1338\" data-end=\"1341\" \/><strong data-start=\"1344\" data-end=\"1356\">Langue :<\/strong> Fran\u00e7ais.<\/p>\n<p data-start=\"1370\" data-end=\"1407\"><strong data-start=\"1370\" data-end=\"1405\">Exemples de recettes incluses :<\/strong><\/p>\n<ul data-start=\"1408\" data-end=\"1600\">\n<li data-start=\"1408\" data-end=\"1452\">\n<p data-start=\"1410\" data-end=\"1452\">Bortsch traditionnel aux travers de porc<\/p>\n<\/li>\n<li data-start=\"1453\" data-end=\"1495\">\n<p data-start=\"1455\" data-end=\"1495\">Varenyky \u00e0 la pur\u00e9e de pommes de terre<\/p>\n<\/li>\n<li data-start=\"1496\" data-end=\"1535\">\n<p data-start=\"1498\" data-end=\"1535\">Chenakhy<\/p>\n<\/li>\n<li data-start=\"1553\" data-end=\"1600\">\n<p data-start=\"1555\" data-end=\"1600\">Deruny\u00a0<br data-start=\"1575\" data-end=\"1578\" \/>\u2026 et bien d\u2019autres !<\/p>\n<\/li>\n<\/ul>\n<p data-start=\"1602\" data-end=\"1720\">\u00a0<em data-start=\"1605\" data-end=\"1718\">Id\u00e9al pour les passionn\u00e9s de cuisine maison et les curieux de d\u00e9couvrir la richesse gastronomique de l\u2019Ukraine.<\/em><\/p>\n","protected":false},"excerpt":{"rendered":"<p>Plongez au c\u0153ur de la cuisine ukrainienne authentique avec ce livre num\u00e9rique illustr\u00e9. 12 recettes familiales transmises de g\u00e9n\u00e9ration en g\u00e9n\u00e9ration, d\u00e9taill\u00e9es pas \u00e0 pas, avec photos, conseils et astuces. Format PDF, t\u00e9l\u00e9chargeable imm\u00e9diatement apr\u00e8s achat.<\/p>\n","protected":false},"featured_media":272,"comment_status":"open","ping_status":"closed","template":"","meta":[],"product_brand":[],"product_cat":[18],"product_tag":[],"class_list":{"0":"post-206","1":"product","2":"type-product","3":"status-publish","4":"has-post-thumbnail","6":"product_cat-cuisine","8":"first","9":"instock","10":"downloadable","11":"virtual","12":"taxable","13":"purchasable","14":"product-type-simple"},"jetpack_sharing_enabled":true,"_links":{"self":[{"href":"https:\/\/smachnoho.fr\/index.php\/wp-json\/wp\/v2\/product\/206","targetHints":{"allow":["GET"]}}],"collection":[{"href":"https:\/\/smachnoho.fr\/index.php\/wp-json\/wp\/v2\/product"}],"about":[{"href":"https:\/\/smachnoho.fr\/index.php\/wp-json\/wp\/v2\/types\/product"}],"replies":[{"embeddable":true,"href":"https:\/\/smachnoho.fr\/index.php\/wp-json\/wp\/v2\/comments?post=206"}],"wp:featuredmedia":[{"embeddable":true,"href":"https:\/\/smachnoho.fr\/index.php\/wp-json\/wp\/v2\/media\/272"}],"wp:attachment":[{"href":"https:\/\/smachnoho.fr\/index.php\/wp-json\/wp\/v2\/media?parent=206"}],"wp:term":[{"taxonomy":"product_brand","embeddable":true,"href":"https:\/\/smachnoho.fr\/index.php\/wp-json\/wp\/v2\/product_brand?post=206"},{"taxonomy":"product_cat","embeddable":true,"href":"https:\/\/smachnoho.fr\/index.php\/wp-json\/wp\/v2\/product_cat?post=206"},{"taxonomy":"product_tag","embeddable":true,"href":"https:\/\/smachnoho.fr\/index.php\/wp-json\/wp\/v2\/product_tag?post=206"}],"curies":[{"name":"wp","href":"https:\/\/api.w.org\/{rel}","templated":true}]}}